{"id":37,"date":"2024-10-01T15:40:25","date_gmt":"2024-10-01T15:40:25","guid":{"rendered":"https:\/\/rromerocarretero.ieti.site\/wordpress\/?page_id=37"},"modified":"2024-10-29T14:44:37","modified_gmt":"2024-10-29T14:44:37","slug":"inicio","status":"publish","type":"page","link":"https:\/\/rromerocarretero.ieti.site\/wordpress\/","title":{"rendered":"Inicio"},"content":{"rendered":"<p>Pawtopia es mucho m\u00e1s que una simple organizaci\u00f3n; somos una comunidad dedicada a mejorar la vida de los animales. Nuestra misi\u00f3n principal es acoger a animales en situaci\u00f3n de abandono o riesgo, ofreci\u00e9ndoles un refugio donde encuentran el cobijo, la comida y el cuidado que necesitan mientras esperan a encontrar un hogar definitivo lleno de amor.<\/p>\n<p><img loading=\"lazy\" decoding=\"async\" class=\"f-left mr-15 alignleft wp-image-141 size-medium\" src=\"https:\/\/rromerocarretero.ieti.site\/wordpress\/wp-content\/uploads\/2024\/10\/pedito-300x168.webp\" alt=\"\" width=\"300\" height=\"168\" srcset=\"https:\/\/rromerocarretero.ieti.site\/wordpress\/wp-content\/uploads\/2024\/10\/pedito-300x168.webp 300w, https:\/\/rromerocarretero.ieti.site\/wordpress\/wp-content\/uploads\/2024\/10\/pedito.webp 474w\" sizes=\"auto, (max-width: 300px) 100vw, 300px\" \/><\/p>\n<p>Nos especializamos en la <strong>adopci\u00f3n<\/strong> y <strong>acogida<\/strong> de animales, brind\u00e1ndoles una segunda oportunidad para vivir en un entorno seguro y saludable. Cada animal que llega a Pawtopia recibe atenci\u00f3n veterinaria, alimentaci\u00f3n de calidad y mucho cari\u00f1o hasta que alguien especial los elija como nuevo miembro de su familia.<\/p>\n<p><img loading=\"lazy\" decoding=\"async\" class=\"f-right ml-15 alignnone wp-image-154 size-medium\" src=\"https:\/\/rromerocarretero.ieti.site\/wordpress\/wp-content\/uploads\/2024\/10\/bienestar-300x300.png\" alt=\"\" width=\"300\" height=\"300\" srcset=\"https:\/\/rromerocarretero.ieti.site\/wordpress\/wp-content\/uploads\/2024\/10\/bienestar-300x300.png 300w, https:\/\/rromerocarretero.ieti.site\/wordpress\/wp-content\/uploads\/2024\/10\/bienestar-100x100.png 100w, https:\/\/rromerocarretero.ieti.site\/wordpress\/wp-content\/uploads\/2024\/10\/bienestar-150x150.png 150w, https:\/\/rromerocarretero.ieti.site\/wordpress\/wp-content\/uploads\/2024\/10\/bienestar.png 500w\" sizes=\"auto, (max-width: 300px) 100vw, 300px\" \/><\/p>\n<p>Adem\u00e1s de ser un lugar donde los animales encuentran una nueva vida, en Pawtopia tambi\u00e9n nos preocupamos por su <strong>bienestar integral<\/strong>. Ofrecemos servicios como peluquer\u00eda canina y felina, atenci\u00f3n personalizada, y todo lo necesario para mejorar su calidad de vida. Nuestro objetivo es asegurarnos de que cada animal, ya sea adoptado o en acogida, tenga una vida sana, feliz y digna.<\/p>\n<hr \/>\n<p>&nbsp;<\/p>\n","protected":false},"excerpt":{"rendered":"<p>Pawtopia es mucho m\u00e1s que una simple organizaci\u00f3n; somos una comunidad dedicada a mejorar la vida de los animales. Nuestra misi\u00f3n principal es acoger a animales en situaci\u00f3n de abandono o riesgo, ofreci\u00e9ndoles un refugio donde encuentran el cobijo, la comida y el cuidado que necesitan mientras esperan a encontrar un hogar definitivo lleno de [&hellip;]<\/p>\n","protected":false},"author":1,"featured_media":167,"parent":0,"menu_order":0,"comment_status":"closed","ping_status":"closed","template":"","meta":{"footnotes":""},"class_list":["post-37","page","type-page","status-publish","has-post-thumbnail","hentry"],"jetpack_sharing_enabled":true,"_links":{"self":[{"href":"https:\/\/rromerocarretero.ieti.site\/wordpress\/wp-json\/wp\/v2\/pages\/37","targetHints":{"allow":["GET"]}}],"collection":[{"href":"https:\/\/rromerocarretero.ieti.site\/wordpress\/wp-json\/wp\/v2\/pages"}],"about":[{"href":"https:\/\/rromerocarretero.ieti.site\/wordpress\/wp-json\/wp\/v2\/types\/page"}],"author":[{"embeddable":true,"href":"https:\/\/rromerocarretero.ieti.site\/wordpress\/wp-json\/wp\/v2\/users\/1"}],"replies":[{"embeddable":true,"href":"https:\/\/rromerocarretero.ieti.site\/wordpress\/wp-json\/wp\/v2\/comments?post=37"}],"version-history":[{"count":26,"href":"https:\/\/rromerocarretero.ieti.site\/wordpress\/wp-json\/wp\/v2\/pages\/37\/revisions"}],"predecessor-version":[{"id":226,"href":"https:\/\/rromerocarretero.ieti.site\/wordpress\/wp-json\/wp\/v2\/pages\/37\/revisions\/226"}],"wp:featuredmedia":[{"embeddable":true,"href":"https:\/\/rromerocarretero.ieti.site\/wordpress\/wp-json\/wp\/v2\/media\/167"}],"wp:attachment":[{"href":"https:\/\/rromerocarretero.ieti.site\/wordpress\/wp-json\/wp\/v2\/media?parent=37"}],"curies":[{"name":"wp","href":"https:\/\/api.w.org\/{rel}","templated":true}]}}