{"id":353,"date":"2024-12-15T17:35:20","date_gmt":"2024-12-15T17:35:20","guid":{"rendered":"https:\/\/rromerocarretero.ieti.site\/wordpress\/?post_type=product&#038;p=353"},"modified":"2025-01-17T10:36:25","modified_gmt":"2025-01-17T10:36:25","slug":"set-de-juguetes-para-pajaros-8-piezas-columpios-masticables-y-accesorios-para-jaulas-de-periquitos-loros-y-cacatuas","status":"publish","type":"product","link":"https:\/\/rromerocarretero.ieti.site\/wordpress\/producto\/set-de-juguetes-para-pajaros-8-piezas-columpios-masticables-y-accesorios-para-jaulas-de-periquitos-loros-y-cacatuas\/","title":{"rendered":"Set de Juguetes para P\u00e1jaros &#8211; 8 Piezas: Columpios, Masticables y Accesorios para Jaulas de Periquitos, Loros y Cacat\u00faas"},"content":{"rendered":"<p><strong>Incluye todo lo que necesitan tus p\u00e1jaros<\/strong><br \/>\nEste set de 8 juguetes est\u00e1 dise\u00f1ado para satisfacer todas las necesidades de tus aves. Incluye una percha, una escalera, una hamaca, un columpio y cuatro juguetes masticables diferentes, ideales para mantener a tus p\u00e1jaros activos y felices.<\/p>\n<p><strong>Material seguro y de alta calidad<\/strong><br \/>\nFabricados con madera pura resistente, estos juguetes son seguros para que tus loros mastiquen y jueguen. Adem\u00e1s, el dise\u00f1o cerrado de la campana evita cualquier riesgo para la boca de tu mascota.<\/p>\n<p><strong>F\u00e1cil instalaci\u00f3n<\/strong><br \/>\nCada accesorio viene con un gancho duradero que se coloca f\u00e1cilmente en la parte superior de cualquier jaula, facilitando su instalaci\u00f3n y uso.<\/p>\n<p><strong>Diversi\u00f3n garantizada<\/strong><br \/>\nTus p\u00e1jaros podr\u00e1n columpiarse, masticar y descansar, cubriendo sus necesidades naturales y evitando el aburrimiento. El sonido de las campanas a\u00f1ade un est\u00edmulo extra que llamar\u00e1 su atenci\u00f3n y les mantendr\u00e1 entretenidos.<\/p>\n<p><strong>Perfecto para distintas especies<\/strong><br \/>\nEste set es ideal para p\u00e1jaros peque\u00f1os y medianos, como periquitos, cacat\u00faas, cotorras, loros, agapornis, Mynahs, pinzones y m\u00e1s. \u00a1La diversi\u00f3n est\u00e1 asegurada para todos!<\/p>\n","protected":false},"excerpt":{"rendered":"<p>Este completo set de 8 juguetes ofrece todo lo necesario para mantener a tus p\u00e1jaros activos, felices y entretenidos. Con accesorios como una percha, una escalera, una hamaca, un columpio y cuatro juguetes masticables, est\u00e1 dise\u00f1ado para satisfacer sus necesidades naturales. Fabricados con madera pura y segura, los juguetes incluyen campanas de dise\u00f1o cerrado para mayor protecci\u00f3n. Su f\u00e1cil instalaci\u00f3n mediante ganchos duraderos y su versatilidad lo hacen ideal para una amplia variedad de aves, desde periquitos hasta loros. \u00a1La diversi\u00f3n y el bienestar de tus mascotas est\u00e1n garantizados!<\/p>\n","protected":false},"featured_media":354,"comment_status":"open","ping_status":"closed","template":"","meta":[],"product_brand":[],"product_cat":[37,41],"product_tag":[],"class_list":{"0":"post-353","1":"product","2":"type-product","3":"status-publish","4":"has-post-thumbnail","6":"product_cat-animales-domesticos","7":"product_cat-pajaro","9":"first","10":"instock","11":"taxable","12":"shipping-taxable","13":"purchasable","14":"product-type-simple"},"jetpack_sharing_enabled":true,"_links":{"self":[{"href":"https:\/\/rromerocarretero.ieti.site\/wordpress\/wp-json\/wp\/v2\/product\/353","targetHints":{"allow":["GET"]}}],"collection":[{"href":"https:\/\/rromerocarretero.ieti.site\/wordpress\/wp-json\/wp\/v2\/product"}],"about":[{"href":"https:\/\/rromerocarretero.ieti.site\/wordpress\/wp-json\/wp\/v2\/types\/product"}],"replies":[{"embeddable":true,"href":"https:\/\/rromerocarretero.ieti.site\/wordpress\/wp-json\/wp\/v2\/comments?post=353"}],"wp:featuredmedia":[{"embeddable":true,"href":"https:\/\/rromerocarretero.ieti.site\/wordpress\/wp-json\/wp\/v2\/media\/354"}],"wp:attachment":[{"href":"https:\/\/rromerocarretero.ieti.site\/wordpress\/wp-json\/wp\/v2\/media?parent=353"}],"wp:term":[{"taxonomy":"product_brand","embeddable":true,"href":"https:\/\/rromerocarretero.ieti.site\/wordpress\/wp-json\/wp\/v2\/product_brand?post=353"},{"taxonomy":"product_cat","embeddable":true,"href":"https:\/\/rromerocarretero.ieti.site\/wordpress\/wp-json\/wp\/v2\/product_cat?post=353"},{"taxonomy":"product_tag","embeddable":true,"href":"https:\/\/rromerocarretero.ieti.site\/wordpress\/wp-json\/wp\/v2\/product_tag?post=353"}],"curies":[{"name":"wp","href":"https:\/\/api.w.org\/{rel}","templated":true}]}}